{"id":147802,"date":"2021-11-30T14:47:51","date_gmt":"2021-11-30T13:47:51","guid":{"rendered":"https:\/\/ekkla.ch\/?post_type=product&#038;p=147802"},"modified":"2022-07-04T15:07:32","modified_gmt":"2022-07-04T13:07:32","slug":"leuchte-mit-kubischem-holzsockel-schwarz-h-9-cm","status":"publish","type":"product","link":"https:\/\/ekkla.ch\/de\/produit\/leuchte-mit-kubischem-holzsockel-schwarz-h-9-cm\/","title":{"rendered":"Leuchte mit kubischem Holzsockel (schwarz) &#8211; H.9 cm"},"content":{"rendered":"<p>Eine Leuchte mit vielen Facetten: mit ihrer E27-Fassung k\u00f6nnen Sie diese schwarze Holzlampe in W\u00fcrfel-Form mit einer Gl\u00fchbirne Ihrer Wahl kombinieren und so den Look der Leuchte einfach ver\u00e4ndern. Dieses schlichte und glamour\u00f6se Accessoire wird die Gl\u00fchbirne Ihrer Wahl zur Geltung bringen und Ihren Raum bei Tag und Nacht erhellen. Das minimalistische Design und die praktische Form der Leuchte machen sie ideal f\u00fcr den Eingangsbereich, das Schlafzimmer, oder das Arbeitszimmer. Gl\u00fchbirne nicht inbegriffen.<\/p>\n<blockquote>\n<h2 style=\"text-align: left;\">Merkmale &amp; Eigenschaften<\/h2>\n<p style=\"text-align: left;\"><strong>Farbe<\/strong>\u00a0Schwarz<\/p>\n<p style=\"text-align: left;\"><strong>Material\u00a0<\/strong>Holz<\/p>\n<p style=\"text-align: left;\"><strong>Gl\u00fchbirne<\/strong> E27 (nicht inbegriffen)<\/p>\n<p style=\"text-align: left;\"><strong>Max. Leistung (W)<\/strong>\u00a025<\/p>\n<p style=\"text-align: left;\"><strong>H\u00f6he (cm)<\/strong>\u00a09<\/p>\n<p style=\"text-align: left;\"><strong>Breite (cm) <\/strong>9<\/p>\n<p><strong>Gewicht (kg)<\/strong> 0,4<\/p><\/blockquote>\n","protected":false},"excerpt":{"rendered":"<p>Eine Leuchte mit vielen Facetten: mit ihrer E27-Fassung k\u00f6nnen Sie diese schwarze Holzlampe in W\u00fcrfel-Form mit einer Gl\u00fchbirne Ihrer Wahl kombinieren und so den Look der Leuchte einfach ver\u00e4ndern. Dieses schlichte und glamour\u00f6se Accessoire wird die Gl\u00fchbirne Ihrer Wahl zur Geltung bringen und Ihren Raum bei Tag und Nacht erhellen. Das minimalistische Design und die [&hellip;]<\/p>\n","protected":false},"featured_media":147839,"template":"","meta":{"_acf_changed":false,"om_disable_all_campaigns":false},"product_cat":[290],"product_tag":[554,816],"bundled_by":[],"bundle_stock_status":"onbackorder","bundle_stock_quantity":0,"bundle_virtual":false,"bundle_layout":"","bundle_add_to_cart_form_location":"","bundle_editable_in_cart":false,"bundle_sold_individually_context":"","bundle_item_grouping":"","bundle_min_size":"","bundle_max_size":"","bundle_price":[],"bundled_items":[],"bundle_sell_ids":[],"acf":[],"yoast_head":"<!-- This site is optimized with the Yoast SEO Premium plugin v22.2 (Yoast SEO v22.8) - https:\/\/yoast.com\/wordpress\/plugins\/seo\/ -->\n<title>Licht-Dekoration | Leuchte mit kubischem schwarzen Holzsockel | Ekkla<\/title>\n<meta name=\"description\" content=\"Eine Leuchte mit schwarzem Holzsockel, die zu einem schlichten und glamour\u00f6sen Ambiente beitr\u00e4gt und perfekt in ein Schlafzimmer, einen Wohnbereich oder ins Arbeitszimmer passt.\" \/>\n<meta name=\"robots\" content=\"index, follow, max-snippet:-1, max-image-preview:large, max-video-preview:-1\" \/>\n<link rel=\"canonical\" href=\"https:\/\/ekkla.ch\/de\/produit\/leuchte-mit-kubischem-holzsockel-schwarz-h-9-cm\/\" \/>\n<meta property=\"og:locale\" content=\"de_DE\" \/>\n<meta property=\"og:type\" content=\"article\" \/>\n<meta property=\"og:title\" content=\"Leuchte mit kubischem Holzsockel (schwarz) - H.9 cm\" \/>\n<meta property=\"og:description\" content=\"Eine Leuchte mit schwarzem Holzsockel, die zu einem schlichten und glamour\u00f6sen Ambiente beitr\u00e4gt und perfekt in ein Schlafzimmer, einen Wohnbereich oder ins Arbeitszimmer passt.\" \/>\n<meta property=\"og:url\" content=\"https:\/\/ekkla.ch\/de\/produit\/leuchte-mit-kubischem-holzsockel-schwarz-h-9-cm\/\" \/>\n<meta property=\"og:site_name\" content=\"Ekkla\" \/>\n<meta property=\"article:modified_time\" content=\"2022-07-04T13:07:32+00:00\" \/>\n<meta property=\"og:image\" content=\"https:\/\/ekkla.ch\/wp-content\/uploads\/2021\/11\/SocleCubique_StarTrading_ImageProduit-1.jpg\" \/>\n\t<meta property=\"og:image:width\" content=\"900\" \/>\n\t<meta property=\"og:image:height\" content=\"900\" \/>\n\t<meta property=\"og:image:type\" content=\"image\/jpeg\" \/>\n<meta name=\"twitter:card\" content=\"summary_large_image\" \/>\n<meta name=\"twitter:label1\" content=\"Gesch\u00e4tzte Lesezeit\" \/>\n\t<meta name=\"twitter:data1\" content=\"1\u00a0Minute\" \/>\n<script type=\"application\/ld+json\" class=\"yoast-schema-graph\">{\"@context\":\"https:\/\/schema.org\",\"@graph\":[{\"@type\":\"WebPage\",\"@id\":\"https:\/\/ekkla.ch\/de\/produit\/leuchte-mit-kubischem-holzsockel-schwarz-h-9-cm\/\",\"url\":\"https:\/\/ekkla.ch\/de\/produit\/leuchte-mit-kubischem-holzsockel-schwarz-h-9-cm\/\",\"name\":\"Licht-Dekoration | Leuchte mit kubischem schwarzen Holzsockel | Ekkla\",\"isPartOf\":{\"@id\":\"https:\/\/ekkla.ch\/#website\"},\"primaryImageOfPage\":{\"@id\":\"https:\/\/ekkla.ch\/de\/produit\/leuchte-mit-kubischem-holzsockel-schwarz-h-9-cm\/#primaryimage\"},\"image\":{\"@id\":\"https:\/\/ekkla.ch\/de\/produit\/leuchte-mit-kubischem-holzsockel-schwarz-h-9-cm\/#primaryimage\"},\"thumbnailUrl\":\"https:\/\/ekkla.ch\/wp-content\/uploads\/2021\/11\/SocleCubique_StarTrading_ImageProduit-1.jpg\",\"datePublished\":\"2021-11-30T13:47:51+00:00\",\"dateModified\":\"2022-07-04T13:07:32+00:00\",\"description\":\"Eine Leuchte mit schwarzem Holzsockel, die zu einem schlichten und glamour\u00f6sen Ambiente beitr\u00e4gt und perfekt in ein Schlafzimmer, einen Wohnbereich oder ins Arbeitszimmer passt.\",\"breadcrumb\":{\"@id\":\"https:\/\/ekkla.ch\/de\/produit\/leuchte-mit-kubischem-holzsockel-schwarz-h-9-cm\/#breadcrumb\"},\"inLanguage\":\"de\",\"potentialAction\":[{\"@type\":\"ReadAction\",\"target\":[\"https:\/\/ekkla.ch\/de\/produit\/leuchte-mit-kubischem-holzsockel-schwarz-h-9-cm\/\"]}]},{\"@type\":\"ImageObject\",\"inLanguage\":\"de\",\"@id\":\"https:\/\/ekkla.ch\/de\/produit\/leuchte-mit-kubischem-holzsockel-schwarz-h-9-cm\/#primaryimage\",\"url\":\"https:\/\/ekkla.ch\/wp-content\/uploads\/2021\/11\/SocleCubique_StarTrading_ImageProduit-1.jpg\",\"contentUrl\":\"https:\/\/ekkla.ch\/wp-content\/uploads\/2021\/11\/SocleCubique_StarTrading_ImageProduit-1.jpg\",\"width\":900,\"height\":900,\"caption\":\"Socle cubique en bois\"},{\"@type\":\"BreadcrumbList\",\"@id\":\"https:\/\/ekkla.ch\/de\/produit\/leuchte-mit-kubischem-holzsockel-schwarz-h-9-cm\/#breadcrumb\",\"itemListElement\":[{\"@type\":\"ListItem\",\"position\":1,\"name\":\"Home\",\"item\":\"https:\/\/ekkla.ch\/de\/\"},{\"@type\":\"ListItem\",\"position\":2,\"name\":\"Shop\",\"item\":\"https:\/\/ekkla.ch\/de\/shop\/\"},{\"@type\":\"ListItem\",\"position\":3,\"name\":\"Leuchte mit kubischem Holzsockel (schwarz) &#8211; H.9 cm\"}]},{\"@type\":\"WebSite\",\"@id\":\"https:\/\/ekkla.ch\/#website\",\"url\":\"https:\/\/ekkla.ch\/\",\"name\":\"Ekkla\",\"description\":\"Der Onlineshop f\u00fcr Beleuchtung\",\"publisher\":{\"@id\":\"https:\/\/ekkla.ch\/#organization\"},\"potentialAction\":[{\"@type\":\"SearchAction\",\"target\":{\"@type\":\"EntryPoint\",\"urlTemplate\":\"https:\/\/ekkla.ch\/?s={search_term_string}\"},\"query-input\":\"required name=search_term_string\"}],\"inLanguage\":\"de\"},{\"@type\":\"Organization\",\"@id\":\"https:\/\/ekkla.ch\/#organization\",\"name\":\"Ekkla\",\"url\":\"https:\/\/ekkla.ch\/\",\"logo\":{\"@type\":\"ImageObject\",\"inLanguage\":\"de\",\"@id\":\"https:\/\/ekkla.ch\/#\/schema\/logo\/image\/\",\"url\":\"http:\/\/ekkla.ch\/wp-content\/uploads\/2019\/07\/logo-1.svg\",\"contentUrl\":\"http:\/\/ekkla.ch\/wp-content\/uploads\/2019\/07\/logo-1.svg\",\"width\":1,\"height\":1,\"caption\":\"Ekkla\"},\"image\":{\"@id\":\"https:\/\/ekkla.ch\/#\/schema\/logo\/image\/\"},\"sameAs\":[\"https:\/\/www.instagram.com\/ekkla_light\/\"]}]}<\/script>\n<!-- \/ Yoast SEO Premium plugin. -->","yoast_head_json":{"title":"Licht-Dekoration | Leuchte mit kubischem schwarzen Holzsockel | Ekkla","description":"Eine Leuchte mit schwarzem Holzsockel, die zu einem schlichten und glamour\u00f6sen Ambiente beitr\u00e4gt und perfekt in ein Schlafzimmer, einen Wohnbereich oder ins Arbeitszimmer passt.","robots":{"index":"index","follow":"follow","max-snippet":"max-snippet:-1","max-image-preview":"max-image-preview:large","max-video-preview":"max-video-preview:-1"},"canonical":"https:\/\/ekkla.ch\/de\/produit\/leuchte-mit-kubischem-holzsockel-schwarz-h-9-cm\/","og_locale":"de_DE","og_type":"article","og_title":"Leuchte mit kubischem Holzsockel (schwarz) - H.9 cm","og_description":"Eine Leuchte mit schwarzem Holzsockel, die zu einem schlichten und glamour\u00f6sen Ambiente beitr\u00e4gt und perfekt in ein Schlafzimmer, einen Wohnbereich oder ins Arbeitszimmer passt.","og_url":"https:\/\/ekkla.ch\/de\/produit\/leuchte-mit-kubischem-holzsockel-schwarz-h-9-cm\/","og_site_name":"Ekkla","article_modified_time":"2022-07-04T13:07:32+00:00","og_image":[{"width":900,"height":900,"url":"https:\/\/ekkla.ch\/wp-content\/uploads\/2021\/11\/SocleCubique_StarTrading_ImageProduit-1.jpg","type":"image\/jpeg"}],"twitter_card":"summary_large_image","twitter_misc":{"Gesch\u00e4tzte Lesezeit":"1\u00a0Minute"},"schema":{"@context":"https:\/\/schema.org","@graph":[{"@type":"WebPage","@id":"https:\/\/ekkla.ch\/de\/produit\/leuchte-mit-kubischem-holzsockel-schwarz-h-9-cm\/","url":"https:\/\/ekkla.ch\/de\/produit\/leuchte-mit-kubischem-holzsockel-schwarz-h-9-cm\/","name":"Licht-Dekoration | Leuchte mit kubischem schwarzen Holzsockel | Ekkla","isPartOf":{"@id":"https:\/\/ekkla.ch\/#website"},"primaryImageOfPage":{"@id":"https:\/\/ekkla.ch\/de\/produit\/leuchte-mit-kubischem-holzsockel-schwarz-h-9-cm\/#primaryimage"},"image":{"@id":"https:\/\/ekkla.ch\/de\/produit\/leuchte-mit-kubischem-holzsockel-schwarz-h-9-cm\/#primaryimage"},"thumbnailUrl":"https:\/\/ekkla.ch\/wp-content\/uploads\/2021\/11\/SocleCubique_StarTrading_ImageProduit-1.jpg","datePublished":"2021-11-30T13:47:51+00:00","dateModified":"2022-07-04T13:07:32+00:00","description":"Eine Leuchte mit schwarzem Holzsockel, die zu einem schlichten und glamour\u00f6sen Ambiente beitr\u00e4gt und perfekt in ein Schlafzimmer, einen Wohnbereich oder ins Arbeitszimmer passt.","breadcrumb":{"@id":"https:\/\/ekkla.ch\/de\/produit\/leuchte-mit-kubischem-holzsockel-schwarz-h-9-cm\/#breadcrumb"},"inLanguage":"de","potentialAction":[{"@type":"ReadAction","target":["https:\/\/ekkla.ch\/de\/produit\/leuchte-mit-kubischem-holzsockel-schwarz-h-9-cm\/"]}]},{"@type":"ImageObject","inLanguage":"de","@id":"https:\/\/ekkla.ch\/de\/produit\/leuchte-mit-kubischem-holzsockel-schwarz-h-9-cm\/#primaryimage","url":"https:\/\/ekkla.ch\/wp-content\/uploads\/2021\/11\/SocleCubique_StarTrading_ImageProduit-1.jpg","contentUrl":"https:\/\/ekkla.ch\/wp-content\/uploads\/2021\/11\/SocleCubique_StarTrading_ImageProduit-1.jpg","width":900,"height":900,"caption":"Socle cubique en bois"},{"@type":"BreadcrumbList","@id":"https:\/\/ekkla.ch\/de\/produit\/leuchte-mit-kubischem-holzsockel-schwarz-h-9-cm\/#breadcrumb","itemListElement":[{"@type":"ListItem","position":1,"name":"Home","item":"https:\/\/ekkla.ch\/de\/"},{"@type":"ListItem","position":2,"name":"Shop","item":"https:\/\/ekkla.ch\/de\/shop\/"},{"@type":"ListItem","position":3,"name":"Leuchte mit kubischem Holzsockel (schwarz) &#8211; H.9 cm"}]},{"@type":"WebSite","@id":"https:\/\/ekkla.ch\/#website","url":"https:\/\/ekkla.ch\/","name":"Ekkla","description":"Der Onlineshop f\u00fcr Beleuchtung","publisher":{"@id":"https:\/\/ekkla.ch\/#organization"},"potentialAction":[{"@type":"SearchAction","target":{"@type":"EntryPoint","urlTemplate":"https:\/\/ekkla.ch\/?s={search_term_string}"},"query-input":"required name=search_term_string"}],"inLanguage":"de"},{"@type":"Organization","@id":"https:\/\/ekkla.ch\/#organization","name":"Ekkla","url":"https:\/\/ekkla.ch\/","logo":{"@type":"ImageObject","inLanguage":"de","@id":"https:\/\/ekkla.ch\/#\/schema\/logo\/image\/","url":"http:\/\/ekkla.ch\/wp-content\/uploads\/2019\/07\/logo-1.svg","contentUrl":"http:\/\/ekkla.ch\/wp-content\/uploads\/2019\/07\/logo-1.svg","width":1,"height":1,"caption":"Ekkla"},"image":{"@id":"https:\/\/ekkla.ch\/#\/schema\/logo\/image\/"},"sameAs":["https:\/\/www.instagram.com\/ekkla_light\/"]}]}},"_links":{"self":[{"href":"https:\/\/ekkla.ch\/de\/wp-json\/wp\/v2\/product\/147802"}],"collection":[{"href":"https:\/\/ekkla.ch\/de\/wp-json\/wp\/v2\/product"}],"about":[{"href":"https:\/\/ekkla.ch\/de\/wp-json\/wp\/v2\/types\/product"}],"wp:featuredmedia":[{"embeddable":true,"href":"https:\/\/ekkla.ch\/de\/wp-json\/wp\/v2\/media\/147839"}],"wp:attachment":[{"href":"https:\/\/ekkla.ch\/de\/wp-json\/wp\/v2\/media?parent=147802"}],"wp:term":[{"taxonomy":"product_cat","embeddable":true,"href":"https:\/\/ekkla.ch\/de\/wp-json\/wp\/v2\/product_cat?post=147802"},{"taxonomy":"product_tag","embeddable":true,"href":"https:\/\/ekkla.ch\/de\/wp-json\/wp\/v2\/product_tag?post=147802"}],"curies":[{"name":"wp","href":"https:\/\/api.w.org\/{rel}","templated":true}]}}

<p>Eine Leuchte mit vielen Facetten: mit ihrer E27-Fassung können Sie diese schwarze Holzlampe in Würfel-Form mit einer Glühbirne Ihrer Wahl kombinieren und so den Look der Leuchte einfach verändern. Dieses schlichte und glamouröse Accessoire wird die Glühbirne Ihrer Wahl zur Geltung bringen und Ihren Raum bei Tag und Nacht erhellen. Das minimalistische Design und die praktische Form der Leuchte machen sie ideal für den Eingangsbereich, das Schlafzimmer, oder das Arbeitszimmer. Glühbirne nicht inbegriffen.</p>
<blockquote>
<h2 style="text-align: left;">Merkmale &amp; Eigenschaften</h2>
<p style="text-align: left;"><strong>Farbe</strong> Schwarz</p>
<p style="text-align: left;"><strong>Material </strong>Holz</p>
<p style="text-align: left;"><strong>Glühbirne</strong> E27 (nicht inbegriffen)</p>
<p style="text-align: left;"><strong>Max. Leistung (W)</strong> 25</p>
<p style="text-align: left;"><strong>Höhe (cm)</strong> 9</p>
<p style="text-align: left;"><strong>Breite (cm) </strong>9</p>
<p><strong>Gewicht (kg)</strong> 0,4</p></blockquote>

<p>Eine Leuchte mit vielen Facetten: mit ihrer E27-Fassung können Sie diese schwarze Holzlampe in Würfel-Form mit einer Glühbirne Ihrer Wahl kombinieren und so den Look der Leuchte einfach verändern. Dieses schlichte und glamouröse Accessoire wird die Glühbirne Ihrer Wahl zur Geltung bringen und Ihren Raum bei Tag und Nacht erhellen. Das minimalistische Design und die [&hellip;]</p>

<!-- This site is optimized with the Yoast SEO Premium plugin v22.2 (Yoast SEO v22.8) - https://yoast.com/wordpress/plugins/seo/ -->
<title>Licht-Dekoration | Leuchte mit kubischem schwarzen Holzsockel | Ekkla</title>
<meta name="description" content="Eine Leuchte mit schwarzem Holzsockel, die zu einem schlichten und glamourösen Ambiente beiträgt und perfekt in ein Schlafzimmer, einen Wohnbereich oder ins Arbeitszimmer passt." />
<meta name="robots" content="index, follow, max-snippet:-1, max-image-preview:large, max-video-preview:-1" />
<link rel="canonical" href="https://ekkla.ch/de/produit/leuchte-mit-kubischem-holzsockel-schwarz-h-9-cm/" />
<meta property="og:locale" content="de_DE" />
<meta property="og:type" content="article" />
<meta property="og:title" content="Leuchte mit kubischem Holzsockel (schwarz) - H.9 cm" />
<meta property="og:description" content="Eine Leuchte mit schwarzem Holzsockel, die zu einem schlichten und glamourösen Ambiente beiträgt und perfekt in ein Schlafzimmer, einen Wohnbereich oder ins Arbeitszimmer passt." />
<meta property="og:url" content="https://ekkla.ch/de/produit/leuchte-mit-kubischem-holzsockel-schwarz-h-9-cm/" />
<meta property="og:site_name" content="Ekkla" />
<meta property="article:modified_time" content="2022-07-04T13:07:32+00:00" />
<meta property="og:image" content="https://ekkla.ch/wp-content/uploads/2021/11/SocleCubique_StarTrading_ImageProduit-1.jpg" />
	<meta property="og:image:width" content="900" />
	<meta property="og:image:height" content="900" />
	<meta property="og:image:type" content="image/jpeg" />
<meta name="twitter:card" content="summary_large_image" />
<meta name="twitter:label1" content="Geschätzte Lesezeit" />
	<meta name="twitter:data1" content="1 Minute" />
<script type="application/ld+json" class="yoast-schema-graph">{"@context":"https://schema.org","@graph":[{"@type":"WebPage","@id":"https://ekkla.ch/de/produit/leuchte-mit-kubischem-holzsockel-schwarz-h-9-cm/","url":"https://ekkla.ch/de/produit/leuchte-mit-kubischem-holzsockel-schwarz-h-9-cm/","name":"Licht-Dekoration | Leuchte mit kubischem schwarzen Holzsockel | Ekkla","isPartOf":{"@id":"https://ekkla.ch/#website"},"primaryImageOfPage":{"@id":"https://ekkla.ch/de/produit/leuchte-mit-kubischem-holzsockel-schwarz-h-9-cm/#primaryimage"},"image":{"@id":"https://ekkla.ch/de/produit/leuchte-mit-kubischem-holzsockel-schwarz-h-9-cm/#primaryimage"},"thumbnailUrl":"https://ekkla.ch/wp-content/uploads/2021/11/SocleCubique_StarTrading_ImageProduit-1.jpg","datePublished":"2021-11-30T13:47:51+00:00","dateModified":"2022-07-04T13:07:32+00:00","description":"Eine Leuchte mit schwarzem Holzsockel, die zu einem schlichten und glamourösen Ambiente beiträgt und perfekt in ein Schlafzimmer, einen Wohnbereich oder ins Arbeitszimmer passt.","breadcrumb":{"@id":"https://ekkla.ch/de/produit/leuchte-mit-kubischem-holzsockel-schwarz-h-9-cm/#breadcrumb"},"inLanguage":"de","potentialAction":[{"@type":"ReadAction","target":["https://ekkla.ch/de/produit/leuchte-mit-kubischem-holzsockel-schwarz-h-9-cm/"]}]},{"@type":"ImageObject","inLanguage":"de","@id":"https://ekkla.ch/de/produit/leuchte-mit-kubischem-holzsockel-schwarz-h-9-cm/#primaryimage","url":"https://ekkla.ch/wp-content/uploads/2021/11/SocleCubique_StarTrading_ImageProduit-1.jpg","contentUrl":"https://ekkla.ch/wp-content/uploads/2021/11/SocleCubique_StarTrading_ImageProduit-1.jpg","width":900,"height":900,"caption":"Socle cubique en bois"},{"@type":"BreadcrumbList","@id":"https://ekkla.ch/de/produit/leuchte-mit-kubischem-holzsockel-schwarz-h-9-cm/#breadcrumb","itemListElement":[{"@type":"ListItem","position":1,"name":"Home","item":"https://ekkla.ch/de/"},{"@type":"ListItem","position":2,"name":"Shop","item":"https://ekkla.ch/de/shop/"},{"@type":"ListItem","position":3,"name":"Leuchte mit kubischem Holzsockel (schwarz) &#8211; H.9 cm"}]},{"@type":"WebSite","@id":"https://ekkla.ch/#website","url":"https://ekkla.ch/","name":"Ekkla","description":"Der Onlineshop für Beleuchtung","publisher":{"@id":"https://ekkla.ch/#organization"},"potentialAction":[{"@type":"SearchAction","target":{"@type":"EntryPoint","urlTemplate":"https://ekkla.ch/?s={search_term_string}"},"query-input":"required name=search_term_string"}],"inLanguage":"de"},{"@type":"Organization","@id":"https://ekkla.ch/#organization","name":"Ekkla","url":"https://ekkla.ch/","logo":{"@type":"ImageObject","inLanguage":"de","@id":"https://ekkla.ch/#/schema/logo/image/","url":"http://ekkla.ch/wp-content/uploads/2019/07/logo-1.svg","contentUrl":"http://ekkla.ch/wp-content/uploads/2019/07/logo-1.svg","width":1,"height":1,"caption":"Ekkla"},"image":{"@id":"https://ekkla.ch/#/schema/logo/image/"},"sameAs":["https://www.instagram.com/ekkla_light/"]}]}</script>
<!-- / Yoast SEO Premium plugin. -->

Eine Leuchte mit schwarzem Holzsockel, die zu einem schlichten und glamourösen Ambiente beiträgt und perfekt in ein Schlafzimmer, einen Wohnbereich oder ins Arbeitszimmer passt.

Der Onlineshop für Beleuchtung
