{"id":9396,"date":"2019-06-29T18:37:43","date_gmt":"2019-06-29T16:37:43","guid":{"rendered":"https:\/\/ekkla.ch\/produit\/wandleuchte-madrid-schwarz\/"},"modified":"2023-02-27T00:00:08","modified_gmt":"2023-02-26T23:00:08","slug":"wandleuchte-madrid-schwarz-its-about-romi","status":"publish","type":"product","link":"https:\/\/ekkla.ch\/de\/produit\/wandleuchte-madrid-schwarz-its-about-romi\/","title":{"rendered":"Wandleuchte Madrid &#8211; Schwarzes Metall &#8211; H.25 &#8211; It&#8217;s About Romi"},"content":{"rendered":"<p>Diese Wandleuchte aus Metall der Marke It&#8217;s About Romi taucht Ihre W\u00e4nde in angenehmes warmes Licht. H\u00e4ngen Sie sie alleine auf oder kombinieren Sie gleich mehrere St\u00fccke und erzeugen Sie so eine raffinierte Wand-Deko. Eine Retro-Gl\u00fchbirne verleiht der Leuchte einen charmanten Vintage-Touch. Wagemutige kombinieren dieses Modell mit der goldenen Version. Gl\u00fchbirne nicht inbegriffen.<\/p>\n<blockquote>\n<h2 style=\"text-align: left;\">Merkmale &amp; Eigenschaften<\/h2>\n<p><strong>Marke<\/strong> It&#8217;s About Romi<\/p>\n<p style=\"text-align: left;\"><strong>Farbe<\/strong> Schwarz<\/p>\n<p style=\"text-align: left;\"><strong>Material<\/strong> Metall<\/p>\n<p style=\"text-align: left;\"><strong>Gl\u00fchbirne<\/strong>\u00a0E27<\/p>\n<p style=\"text-align: left;\"><strong>Max. Leistung (W)<\/strong>\u00a060<\/p>\n<p style=\"text-align: left;\"><strong>Breite (cm)<\/strong>\u00a015<\/p>\n<p style=\"text-align: left;\"><strong>H\u00f6he (cm) <\/strong>25<\/p>\n<\/blockquote>\n","protected":false},"excerpt":{"rendered":"<p>Diese Wandleuchte aus Metall der Marke It&#8217;s About Romi taucht Ihre W\u00e4nde in angenehmes warmes Licht. H\u00e4ngen Sie sie alleine auf oder kombinieren Sie gleich mehrere St\u00fccke und erzeugen Sie so eine raffinierte Wand-Deko. Eine Retro-Gl\u00fchbirne verleiht der Leuchte einen charmanten Vintage-Touch. Wagemutige kombinieren dieses Modell mit der goldenen Version. Gl\u00fchbirne nicht inbegriffen. Merkmale &amp; [&hellip;]<\/p>\n","protected":false},"featured_media":1888,"template":"","meta":{"_acf_changed":false,"om_disable_all_campaigns":false},"product_cat":[286],"product_tag":[898,1188,816,603,942],"bundled_by":[],"bundle_stock_status":"onbackorder","bundle_stock_quantity":null,"bundle_virtual":false,"bundle_layout":"","bundle_add_to_cart_form_location":"","bundle_editable_in_cart":false,"bundle_sold_individually_context":"","bundle_item_grouping":"","bundle_min_size":"","bundle_max_size":"","bundle_price":[],"bundled_items":[],"bundle_sell_ids":[],"acf":[],"yoast_head":"<!-- This site is optimized with the Yoast SEO Premium plugin v22.2 (Yoast SEO v22.8) - https:\/\/yoast.com\/wordpress\/plugins\/seo\/ -->\n<title>It&#039;s About Romi | Wandleuchte Madrid | Metall | Ekkla<\/title>\n<meta name=\"description\" content=\"Eine Wandleuchte aus Metall, die einen industriellen Touch in Ihr Zuhause bringt und Ihre W\u00e4nde kreativ schm\u00fcckt.\" \/>\n<meta name=\"robots\" content=\"index, follow, max-snippet:-1, max-image-preview:large, max-video-preview:-1\" \/>\n<link rel=\"canonical\" href=\"https:\/\/ekkla.ch\/de\/produit\/wandleuchte-madrid-schwarz-its-about-romi\/\" \/>\n<meta property=\"og:locale\" content=\"de_DE\" \/>\n<meta property=\"og:type\" content=\"article\" \/>\n<meta property=\"og:title\" content=\"Wandleuchte Madrid - Schwarzes Metall - H.25 - It&#039;s About Romi\" \/>\n<meta property=\"og:description\" content=\"Eine Wandleuchte aus Metall, die einen industriellen Touch in Ihr Zuhause bringt und Ihre W\u00e4nde kreativ schm\u00fcckt.\" \/>\n<meta property=\"og:url\" content=\"https:\/\/ekkla.ch\/de\/produit\/wandleuchte-madrid-schwarz-its-about-romi\/\" \/>\n<meta property=\"og:site_name\" content=\"Ekkla\" \/>\n<meta property=\"article:modified_time\" content=\"2023-02-26T23:00:08+00:00\" \/>\n<meta property=\"og:image\" content=\"https:\/\/ekkla.ch\/wp-content\/uploads\/2019\/06\/Madrid_noire_carre.jpg\" \/>\n\t<meta property=\"og:image:width\" content=\"1771\" \/>\n\t<meta property=\"og:image:height\" content=\"1771\" \/>\n\t<meta property=\"og:image:type\" content=\"image\/jpeg\" \/>\n<meta name=\"twitter:card\" content=\"summary_large_image\" \/>\n<meta name=\"twitter:label1\" content=\"Gesch\u00e4tzte Lesezeit\" \/>\n\t<meta name=\"twitter:data1\" content=\"1\u00a0Minute\" \/>\n<script type=\"application\/ld+json\" class=\"yoast-schema-graph\">{\"@context\":\"https:\/\/schema.org\",\"@graph\":[{\"@type\":\"WebPage\",\"@id\":\"https:\/\/ekkla.ch\/de\/produit\/wandleuchte-madrid-schwarz-its-about-romi\/\",\"url\":\"https:\/\/ekkla.ch\/de\/produit\/wandleuchte-madrid-schwarz-its-about-romi\/\",\"name\":\"It's About Romi | Wandleuchte Madrid | Metall | Ekkla\",\"isPartOf\":{\"@id\":\"https:\/\/ekkla.ch\/#website\"},\"primaryImageOfPage\":{\"@id\":\"https:\/\/ekkla.ch\/de\/produit\/wandleuchte-madrid-schwarz-its-about-romi\/#primaryimage\"},\"image\":{\"@id\":\"https:\/\/ekkla.ch\/de\/produit\/wandleuchte-madrid-schwarz-its-about-romi\/#primaryimage\"},\"thumbnailUrl\":\"https:\/\/ekkla.ch\/wp-content\/uploads\/2019\/06\/Madrid_noire_carre.jpg\",\"datePublished\":\"2019-06-29T16:37:43+00:00\",\"dateModified\":\"2023-02-26T23:00:08+00:00\",\"description\":\"Eine Wandleuchte aus Metall, die einen industriellen Touch in Ihr Zuhause bringt und Ihre W\u00e4nde kreativ schm\u00fcckt.\",\"breadcrumb\":{\"@id\":\"https:\/\/ekkla.ch\/de\/produit\/wandleuchte-madrid-schwarz-its-about-romi\/#breadcrumb\"},\"inLanguage\":\"de\",\"potentialAction\":[{\"@type\":\"ReadAction\",\"target\":[\"https:\/\/ekkla.ch\/de\/produit\/wandleuchte-madrid-schwarz-its-about-romi\/\"]}]},{\"@type\":\"ImageObject\",\"inLanguage\":\"de\",\"@id\":\"https:\/\/ekkla.ch\/de\/produit\/wandleuchte-madrid-schwarz-its-about-romi\/#primaryimage\",\"url\":\"https:\/\/ekkla.ch\/wp-content\/uploads\/2019\/06\/Madrid_noire_carre.jpg\",\"contentUrl\":\"https:\/\/ekkla.ch\/wp-content\/uploads\/2019\/06\/Madrid_noire_carre.jpg\",\"width\":1771,\"height\":1771},{\"@type\":\"BreadcrumbList\",\"@id\":\"https:\/\/ekkla.ch\/de\/produit\/wandleuchte-madrid-schwarz-its-about-romi\/#breadcrumb\",\"itemListElement\":[{\"@type\":\"ListItem\",\"position\":1,\"name\":\"Home\",\"item\":\"https:\/\/ekkla.ch\/de\/\"},{\"@type\":\"ListItem\",\"position\":2,\"name\":\"Shop\",\"item\":\"https:\/\/ekkla.ch\/de\/shop\/\"},{\"@type\":\"ListItem\",\"position\":3,\"name\":\"Wandleuchte Madrid &#8211; Schwarzes Metall &#8211; H.25 &#8211; It&#8217;s About Romi\"}]},{\"@type\":\"WebSite\",\"@id\":\"https:\/\/ekkla.ch\/#website\",\"url\":\"https:\/\/ekkla.ch\/\",\"name\":\"Ekkla\",\"description\":\"Der Onlineshop f\u00fcr Beleuchtung\",\"publisher\":{\"@id\":\"https:\/\/ekkla.ch\/#organization\"},\"potentialAction\":[{\"@type\":\"SearchAction\",\"target\":{\"@type\":\"EntryPoint\",\"urlTemplate\":\"https:\/\/ekkla.ch\/?s={search_term_string}\"},\"query-input\":\"required name=search_term_string\"}],\"inLanguage\":\"de\"},{\"@type\":\"Organization\",\"@id\":\"https:\/\/ekkla.ch\/#organization\",\"name\":\"Ekkla\",\"url\":\"https:\/\/ekkla.ch\/\",\"logo\":{\"@type\":\"ImageObject\",\"inLanguage\":\"de\",\"@id\":\"https:\/\/ekkla.ch\/#\/schema\/logo\/image\/\",\"url\":\"http:\/\/ekkla.ch\/wp-content\/uploads\/2019\/07\/logo-1.svg\",\"contentUrl\":\"http:\/\/ekkla.ch\/wp-content\/uploads\/2019\/07\/logo-1.svg\",\"width\":1,\"height\":1,\"caption\":\"Ekkla\"},\"image\":{\"@id\":\"https:\/\/ekkla.ch\/#\/schema\/logo\/image\/\"},\"sameAs\":[\"https:\/\/www.instagram.com\/ekkla_light\/\"]}]}<\/script>\n<!-- \/ Yoast SEO Premium plugin. -->","yoast_head_json":{"title":"It's About Romi | Wandleuchte Madrid | Metall | Ekkla","description":"Eine Wandleuchte aus Metall, die einen industriellen Touch in Ihr Zuhause bringt und Ihre W\u00e4nde kreativ schm\u00fcckt.","robots":{"index":"index","follow":"follow","max-snippet":"max-snippet:-1","max-image-preview":"max-image-preview:large","max-video-preview":"max-video-preview:-1"},"canonical":"https:\/\/ekkla.ch\/de\/produit\/wandleuchte-madrid-schwarz-its-about-romi\/","og_locale":"de_DE","og_type":"article","og_title":"Wandleuchte Madrid - Schwarzes Metall - H.25 - It's About Romi","og_description":"Eine Wandleuchte aus Metall, die einen industriellen Touch in Ihr Zuhause bringt und Ihre W\u00e4nde kreativ schm\u00fcckt.","og_url":"https:\/\/ekkla.ch\/de\/produit\/wandleuchte-madrid-schwarz-its-about-romi\/","og_site_name":"Ekkla","article_modified_time":"2023-02-26T23:00:08+00:00","og_image":[{"width":1771,"height":1771,"url":"https:\/\/ekkla.ch\/wp-content\/uploads\/2019\/06\/Madrid_noire_carre.jpg","type":"image\/jpeg"}],"twitter_card":"summary_large_image","twitter_misc":{"Gesch\u00e4tzte Lesezeit":"1\u00a0Minute"},"schema":{"@context":"https:\/\/schema.org","@graph":[{"@type":"WebPage","@id":"https:\/\/ekkla.ch\/de\/produit\/wandleuchte-madrid-schwarz-its-about-romi\/","url":"https:\/\/ekkla.ch\/de\/produit\/wandleuchte-madrid-schwarz-its-about-romi\/","name":"It's About Romi | Wandleuchte Madrid | Metall | Ekkla","isPartOf":{"@id":"https:\/\/ekkla.ch\/#website"},"primaryImageOfPage":{"@id":"https:\/\/ekkla.ch\/de\/produit\/wandleuchte-madrid-schwarz-its-about-romi\/#primaryimage"},"image":{"@id":"https:\/\/ekkla.ch\/de\/produit\/wandleuchte-madrid-schwarz-its-about-romi\/#primaryimage"},"thumbnailUrl":"https:\/\/ekkla.ch\/wp-content\/uploads\/2019\/06\/Madrid_noire_carre.jpg","datePublished":"2019-06-29T16:37:43+00:00","dateModified":"2023-02-26T23:00:08+00:00","description":"Eine Wandleuchte aus Metall, die einen industriellen Touch in Ihr Zuhause bringt und Ihre W\u00e4nde kreativ schm\u00fcckt.","breadcrumb":{"@id":"https:\/\/ekkla.ch\/de\/produit\/wandleuchte-madrid-schwarz-its-about-romi\/#breadcrumb"},"inLanguage":"de","potentialAction":[{"@type":"ReadAction","target":["https:\/\/ekkla.ch\/de\/produit\/wandleuchte-madrid-schwarz-its-about-romi\/"]}]},{"@type":"ImageObject","inLanguage":"de","@id":"https:\/\/ekkla.ch\/de\/produit\/wandleuchte-madrid-schwarz-its-about-romi\/#primaryimage","url":"https:\/\/ekkla.ch\/wp-content\/uploads\/2019\/06\/Madrid_noire_carre.jpg","contentUrl":"https:\/\/ekkla.ch\/wp-content\/uploads\/2019\/06\/Madrid_noire_carre.jpg","width":1771,"height":1771},{"@type":"BreadcrumbList","@id":"https:\/\/ekkla.ch\/de\/produit\/wandleuchte-madrid-schwarz-its-about-romi\/#breadcrumb","itemListElement":[{"@type":"ListItem","position":1,"name":"Home","item":"https:\/\/ekkla.ch\/de\/"},{"@type":"ListItem","position":2,"name":"Shop","item":"https:\/\/ekkla.ch\/de\/shop\/"},{"@type":"ListItem","position":3,"name":"Wandleuchte Madrid &#8211; Schwarzes Metall &#8211; H.25 &#8211; It&#8217;s About Romi"}]},{"@type":"WebSite","@id":"https:\/\/ekkla.ch\/#website","url":"https:\/\/ekkla.ch\/","name":"Ekkla","description":"Der Onlineshop f\u00fcr Beleuchtung","publisher":{"@id":"https:\/\/ekkla.ch\/#organization"},"potentialAction":[{"@type":"SearchAction","target":{"@type":"EntryPoint","urlTemplate":"https:\/\/ekkla.ch\/?s={search_term_string}"},"query-input":"required name=search_term_string"}],"inLanguage":"de"},{"@type":"Organization","@id":"https:\/\/ekkla.ch\/#organization","name":"Ekkla","url":"https:\/\/ekkla.ch\/","logo":{"@type":"ImageObject","inLanguage":"de","@id":"https:\/\/ekkla.ch\/#\/schema\/logo\/image\/","url":"http:\/\/ekkla.ch\/wp-content\/uploads\/2019\/07\/logo-1.svg","contentUrl":"http:\/\/ekkla.ch\/wp-content\/uploads\/2019\/07\/logo-1.svg","width":1,"height":1,"caption":"Ekkla"},"image":{"@id":"https:\/\/ekkla.ch\/#\/schema\/logo\/image\/"},"sameAs":["https:\/\/www.instagram.com\/ekkla_light\/"]}]}},"_links":{"self":[{"href":"https:\/\/ekkla.ch\/de\/wp-json\/wp\/v2\/product\/9396"}],"collection":[{"href":"https:\/\/ekkla.ch\/de\/wp-json\/wp\/v2\/product"}],"about":[{"href":"https:\/\/ekkla.ch\/de\/wp-json\/wp\/v2\/types\/product"}],"wp:featuredmedia":[{"embeddable":true,"href":"https:\/\/ekkla.ch\/de\/wp-json\/wp\/v2\/media\/1888"}],"wp:attachment":[{"href":"https:\/\/ekkla.ch\/de\/wp-json\/wp\/v2\/media?parent=9396"}],"wp:term":[{"taxonomy":"product_cat","embeddable":true,"href":"https:\/\/ekkla.ch\/de\/wp-json\/wp\/v2\/product_cat?post=9396"},{"taxonomy":"product_tag","embeddable":true,"href":"https:\/\/ekkla.ch\/de\/wp-json\/wp\/v2\/product_tag?post=9396"}],"curies":[{"name":"wp","href":"https:\/\/api.w.org\/{rel}","templated":true}]}}

<p>Diese Wandleuchte aus Metall der Marke It&#8217;s About Romi taucht Ihre Wände in angenehmes warmes Licht. Hängen Sie sie alleine auf oder kombinieren Sie gleich mehrere Stücke und erzeugen Sie so eine raffinierte Wand-Deko. Eine Retro-Glühbirne verleiht der Leuchte einen charmanten Vintage-Touch. Wagemutige kombinieren dieses Modell mit der goldenen Version. Glühbirne nicht inbegriffen.</p>
<blockquote>
<h2 style="text-align: left;">Merkmale &amp; Eigenschaften</h2>
<p><strong>Marke</strong> It&#8217;s About Romi</p>
<p style="text-align: left;"><strong>Farbe</strong> Schwarz</p>
<p style="text-align: left;"><strong>Material</strong> Metall</p>
<p style="text-align: left;"><strong>Glühbirne</strong> E27</p>
<p style="text-align: left;"><strong>Max. Leistung (W)</strong> 60</p>
<p style="text-align: left;"><strong>Breite (cm)</strong> 15</p>
<p style="text-align: left;"><strong>Höhe (cm) </strong>25</p>
</blockquote>

<p>Diese Wandleuchte aus Metall der Marke It&#8217;s About Romi taucht Ihre Wände in angenehmes warmes Licht. Hängen Sie sie alleine auf oder kombinieren Sie gleich mehrere Stücke und erzeugen Sie so eine raffinierte Wand-Deko. Eine Retro-Glühbirne verleiht der Leuchte einen charmanten Vintage-Touch. Wagemutige kombinieren dieses Modell mit der goldenen Version. Glühbirne nicht inbegriffen. Merkmale &amp; [&hellip;]</p>

<!-- This site is optimized with the Yoast SEO Premium plugin v22.2 (Yoast SEO v22.8) - https://yoast.com/wordpress/plugins/seo/ -->
<title>It&#039;s About Romi | Wandleuchte Madrid | Metall | Ekkla</title>
<meta name="description" content="Eine Wandleuchte aus Metall, die einen industriellen Touch in Ihr Zuhause bringt und Ihre Wände kreativ schmückt." />
<meta name="robots" content="index, follow, max-snippet:-1, max-image-preview:large, max-video-preview:-1" />
<link rel="canonical" href="https://ekkla.ch/de/produit/wandleuchte-madrid-schwarz-its-about-romi/" />
<meta property="og:locale" content="de_DE" />
<meta property="og:type" content="article" />
<meta property="og:title" content="Wandleuchte Madrid - Schwarzes Metall - H.25 - It&#039;s About Romi" />
<meta property="og:description" content="Eine Wandleuchte aus Metall, die einen industriellen Touch in Ihr Zuhause bringt und Ihre Wände kreativ schmückt." />
<meta property="og:url" content="https://ekkla.ch/de/produit/wandleuchte-madrid-schwarz-its-about-romi/" />
<meta property="og:site_name" content="Ekkla" />
<meta property="article:modified_time" content="2023-02-26T23:00:08+00:00" />
<meta property="og:image" content="https://ekkla.ch/wp-content/uploads/2019/06/Madrid_noire_carre.jpg" />
	<meta property="og:image:width" content="1771" />
	<meta property="og:image:height" content="1771" />
	<meta property="og:image:type" content="image/jpeg" />
<meta name="twitter:card" content="summary_large_image" />
<meta name="twitter:label1" content="Geschätzte Lesezeit" />
	<meta name="twitter:data1" content="1 Minute" />
<script type="application/ld+json" class="yoast-schema-graph">{"@context":"https://schema.org","@graph":[{"@type":"WebPage","@id":"https://ekkla.ch/de/produit/wandleuchte-madrid-schwarz-its-about-romi/","url":"https://ekkla.ch/de/produit/wandleuchte-madrid-schwarz-its-about-romi/","name":"It's About Romi | Wandleuchte Madrid | Metall | Ekkla","isPartOf":{"@id":"https://ekkla.ch/#website"},"primaryImageOfPage":{"@id":"https://ekkla.ch/de/produit/wandleuchte-madrid-schwarz-its-about-romi/#primaryimage"},"image":{"@id":"https://ekkla.ch/de/produit/wandleuchte-madrid-schwarz-its-about-romi/#primaryimage"},"thumbnailUrl":"https://ekkla.ch/wp-content/uploads/2019/06/Madrid_noire_carre.jpg","datePublished":"2019-06-29T16:37:43+00:00","dateModified":"2023-02-26T23:00:08+00:00","description":"Eine Wandleuchte aus Metall, die einen industriellen Touch in Ihr Zuhause bringt und Ihre Wände kreativ schmückt.","breadcrumb":{"@id":"https://ekkla.ch/de/produit/wandleuchte-madrid-schwarz-its-about-romi/#breadcrumb"},"inLanguage":"de","potentialAction":[{"@type":"ReadAction","target":["https://ekkla.ch/de/produit/wandleuchte-madrid-schwarz-its-about-romi/"]}]},{"@type":"ImageObject","inLanguage":"de","@id":"https://ekkla.ch/de/produit/wandleuchte-madrid-schwarz-its-about-romi/#primaryimage","url":"https://ekkla.ch/wp-content/uploads/2019/06/Madrid_noire_carre.jpg","contentUrl":"https://ekkla.ch/wp-content/uploads/2019/06/Madrid_noire_carre.jpg","width":1771,"height":1771},{"@type":"BreadcrumbList","@id":"https://ekkla.ch/de/produit/wandleuchte-madrid-schwarz-its-about-romi/#breadcrumb","itemListElement":[{"@type":"ListItem","position":1,"name":"Home","item":"https://ekkla.ch/de/"},{"@type":"ListItem","position":2,"name":"Shop","item":"https://ekkla.ch/de/shop/"},{"@type":"ListItem","position":3,"name":"Wandleuchte Madrid &#8211; Schwarzes Metall &#8211; H.25 &#8211; It&#8217;s About Romi"}]},{"@type":"WebSite","@id":"https://ekkla.ch/#website","url":"https://ekkla.ch/","name":"Ekkla","description":"Der Onlineshop für Beleuchtung","publisher":{"@id":"https://ekkla.ch/#organization"},"potentialAction":[{"@type":"SearchAction","target":{"@type":"EntryPoint","urlTemplate":"https://ekkla.ch/?s={search_term_string}"},"query-input":"required name=search_term_string"}],"inLanguage":"de"},{"@type":"Organization","@id":"https://ekkla.ch/#organization","name":"Ekkla","url":"https://ekkla.ch/","logo":{"@type":"ImageObject","inLanguage":"de","@id":"https://ekkla.ch/#/schema/logo/image/","url":"http://ekkla.ch/wp-content/uploads/2019/07/logo-1.svg","contentUrl":"http://ekkla.ch/wp-content/uploads/2019/07/logo-1.svg","width":1,"height":1,"caption":"Ekkla"},"image":{"@id":"https://ekkla.ch/#/schema/logo/image/"},"sameAs":["https://www.instagram.com/ekkla_light/"]}]}</script>
<!-- / Yoast SEO Premium plugin. -->

Eine Wandleuchte aus Metall, die einen industriellen Touch in Ihr Zuhause bringt und Ihre Wände kreativ schmückt.

Der Onlineshop für Beleuchtung
